e hundreds digit of c?
1
Suppose 0*n + 4*n + 8 = 0. Let b be (6/n)/(4/28). Let s = -2 - b. What is the tens digit of s?
1
Let z(j) = -298*j - 1032. What is the tens digit of z(-16)?
3
Suppose -5262 + 14790 = 8*k. What is the thousands digit of k?
1
Suppose 5*j - 6717 - 20418 = 0. What is the tens digit of j?
2
Let f = -499 - -1154. What is the tens digit of f?
5
What is the tens digit of (7/(-2))/(7/(-154))?
7
Suppose 0 = 5*z + 4*b - 17, 28 = 4*z - 4*b - 0*b. Suppose -4*p = -y - 3*y - 8, z*y + 1 = -4*p. What is the units digit of ((-3)/p)/(9/(-6))?
2
Let p(f) = -4*f - 4. Let x be p(-2). Suppose -i - x - 6 = 0. What is the units digit of 37/(-2)*(i + 8)?
7
Let p be (87/(-1) - -2)/((-2)/(-6)). What is the units digit of (2/1)/(-8) + p/(-60)?
4
Let h(d) = 435*d**2 - 7*d - 2. What is the units digit of h(-1)?
0
Let i = -34 + 43. Let u = 50 - i. What is the units digit of u?
1
Let w be 24/(-4)*33/(-6). Suppose -g + 0*g + 3*m = -w, -3*g + 4*m = -114. What is the tens digit of g?
4
Suppose -5*j - 14 = 2*y + 2, -3*y = 4*j + 24. What is the units digit of (-4)/y*(-78)/(-3)?
3
Suppose -5*z - 5 = 0, -53*z - 2499 = -2*o - 54*z. What is the thousands digit of o?
1
Suppose -2968 - 2832 = -10*n. What is the hundreds digit of n?
5
Let p be (-390)/9*(-9)/2. Let l = -98 + p. Suppose x - l = 5*c - 383, 3*c = -5*x + 166. What is the tens digit of c?
5
Let a(t) = 31*t**2 - t. Suppose -4*z - 5 + 9 = 0. Suppose 5*o - 4*o = -z. What is the tens digit of a(o)?
3
Let l be 1/((-7 - -4)/21). Let d = -4 - l. Suppose -h = 4*u - 119, -2*h + d = -3. What is the units digit of u?
9
Let u = 13 - 8. Suppose -u = -4*q + 7. Suppose -25 - 6 = -g + 3*y, q*g - 3*y = 63. What is the tens digit of g?
1
Suppose -2*f - 2 = -t, 2*f + 3*t - 1 = 13. What is the tens digit of f/6*2 + 38/3?
1
Suppose 0 = -2*o + 9*o - 959. Let l = -81 + o. What is the units digit of l?
6
Let p(m) = 3*m**3 - 20*m + 37. What is the hundreds digit of p(6)?
5
Let l be (-1)/3*(1 - 34). Suppose 0 = i + 3*b + 51, 2*i - 2*b = -b - 116. Let y = l - i. What is the units digit of y?
8
Suppose 3*a + 4*x + 2 = -0, a + 8 = -5*x. Suppose 8 = 2*d, t = 5*d + 9 - 1. What is the units digit of (a - 2)/4 + t?
8
Let u = -31 - -40. What is the units digit of (2/6)/(3/u)?
1
Let s(w) = -19*w - 1 - 20*w - 14*w + 58*w. What is the units digit of s(1)?
4
Let w(h) = h**2 - 3*h. Let j be w(4). Suppose j*m - 132 = 2*a + 156, -226 = -3*m - a. What is the tens digit of m?
7
Let x be (3 + (-5 - -3))/1. Suppose -4*g + 3*q = -24, 0 = g + q + 2 - x. Suppose -h + 71 = 4*h - 4*c, -2*c + g = h. What is the units digit of h?
1
Let k(g) = 10*g**2 - 37*g + 155. What is the tens digit of k(9)?
3
What is the tens digit of (-1213)/(-2) - (7 + 187/(-22))?
0
Suppose 1 = -5*w + 36. Let u(v) = -16*v - 7. Let f be u(-2). Let h = f - w. What is the units digit of h?
8
Suppose 8*a + 5 = -211. Let j = a - -39. What is the tens digit of j?
1
Let b = -75 - -53. What is the units digit of 4/b + (-3536)/(-88)?
0
Let w(q) = -32*q**2 - q + 1. Let v = -12 + 13. Let k be w(v). Let h = 48 + k. What is the units digit of h?
6
Let h = -3560 - -6576. What is the tens digit of h?
1
Let q(z) = 2*z - 8. Let h be q(6). Let w = -21 - -24. Suppose -h*p + w = -89. What is the tens digit of p?
2
Let h(j) = -4*j + 8. Let i(p) = p**3 - 2*p**2 - 2*p + 2. Let c be i(-2). What is the units digit of h(c)?
8
Let f(h) = -h**3 - 14*h**2 + 8*h - 11. Let i be f(-15). Suppose -i = -3*d + 122. What is the tens digit of d?
7
Let b = 284 - 272. What is the units digit of b?
2
Let a = 20 + -17. Suppose 0 = -0*v - a*v. Suppose v = 7*p - 10*p + 117. What is the units digit of p?
9
Let a = 835 - -589. What is the hundreds digit of a?
4
Let w = -181 + 268. What is the tens digit of w?
8
Suppose 7 = -m - 3*u, -21 = -3*m + 22*u - 17*u. Let v be (2 + (-3)/2)*0. Suppose 3*t - 16 = -2*g, m*g + v*t - 24 = t. What is the tens digit of g?
1
Suppose -5*n + 3450 = 2*u, -n + 2*u + 23 = -679. What is the units digit of n?
2
Let c(m) = 2*m**2 - m - 25. What is the units digit of c(13)?
0
Let i(r) = 4*r**2 + 37*r - 27. Let f(z) = -2*z**2 - 18*z + 14. Let v(x) = 10*f(x) + 6*i(x). What is the hundreds digit of v(-15)?
2
Let k(l) be the third derivative of l**4/12 + l**3/2 - l**2. Let q be (-37)/(-13) + (-14)/(-91). What is the units digit of k(q)?
9
Let o be 418/(-1*(-4 - (-5 - -3))). Let a = -62 + o. What is the units digit of a?
7
Let l = 1302 - -141. What is the thousands digit of l?
1
Let h(w) = w**3 + 4*w**2 + 5*w + 3. Let f be h(-3). What is the hundreds digit of 18*((-29)/f + -4)?
1
Suppose -31 = -3*n + 62. Suppose 4*y + n = q, -46 = -q + y - 0*y. What is the units digit of q?
1
Let u(g) = g**2 + 4*g + 5. Let z be u(-5). Let o be (-24)/(-15)*z/4. What is the units digit of o + (5/1 - 3)?
6
Suppose 27*j - 1655 = 22*j. What is the tens digit of j?
3
Let o = 8 + -4. Suppose 7*l - 6*l = 7. Suppose 0 = -3*j - b + 57, 2*b = -o*j + l*b + 57. What is the units digit of j?
8
Suppose -1439 = -4*z - d, 1810 = 4*z + z + 5*d. What is the tens digit of z?
5
Let p(x) = x**3. Let n(v) = -2*v**3 + 3*v**2 + 7*v - 6. Let s(o) = -n(o) - p(o). What is the units digit of s(6)?
2
Suppose -2*d = -1597 + 241. What is the tens digit of d?
7
Suppose v + 2 = 2*v. Let p = 22 + -18. What is the units digit of p/4 - -11*v?
3
Let k = -283 - -367. Let d = 4 - 1. Suppose -k = -d*w + 12. What is the units digit of w?
2
Let h be (-103 - -1)*3/(-9). Let q be (6/(-2))/((-6)/h). Suppose -5 = -4*v - q, -5*z = v - 72. What is the tens digit of z?
1
Suppose -5*v = 3*t - 5, 2*t - 7*t - 25 = 0. Suppose v*c + 27 = 179. What is the units digit of c?
8
Let k(c) = 6*c**3 + c**2 + c - 2. Let m be k(1). Suppose -3*s + 4*s - 2 = 3*n, -m = -2*s + 4*n. What is the units digit of s?
5
Suppose 5*k = -3*z + 3832, 0*k - 3*k = -3*z - 2280. Suppose b = 5*f - k, 0*f + 600 = 4*f + 2*b. What is the tens digit of f?
5
Let x = 301 - -32. What is the hundreds digit of x?
3
What is the hundreds digit of 8104/10 - 36/90?
8
Let r(p) = 6*p**2 + 1. What is the tens digit of r(7)?
9
Let i be 1/((-2)/(-3 - 31)). Suppose -13*g + i*g = 24. What is the units digit of g?
6
Let k be (-11 + 65)*1/1. Suppose 0*f = 3*f - k. What is the tens digit of f?
1
Let c = 31 - -17. Suppose -23*f + 25*f = c. What is the tens digit of f?
2
Let w = -6 - -11. Suppose -w*k + 10*k - 170 = 0. What is the tens digit of k?
3
Let k be (-9)/((-10)/(-6) + -2). Let h = k - 39. Let g(u) = -2*u - 15. What is the units digit of g(h)?
9
What is the tens digit of (-40482)/(-72) - 25/20?
6
What is the hundreds digit of (-10)/((1/(-7))/(60/7))?
6
Let s(r) = 23 - 33 + 0*r - 5*r - 12*r + r**2. What is the units digit of s(20)?
0
Let l = -28 + 38. Suppose -3*g - 149 = -5*o + l, -3*o = 9. Let i = -32 - g. What is the units digit of i?
6
Let k be ((-3)/2)/((-4)/32). Suppose 0 = 3*i - k. Suppose -4*d - 4*z - 4 + 40 = 0, -3*d = -i*z + 8. What is the units digit of d?
4
Suppose -5*i = 20, t - 1100 + 273 = 3*i. What is the tens digit of t?
1
Let m = -2029 - -3474. What is the tens digit of m?
4
Let k = 2870 + -1569. What is the thousands digit of k?
1
Let n(v) = v**3 + 10*v**2 - 9*v + 27. Let r be n(-11). Suppose 0 = -r*c + 24 + 51. What is the tens digit of c?
1
Let f be -2 + (-1 - 0) - -13. Let t be (5/f)/((-2)/(-20)). Suppose -v + 12 + 17 = -3*n, 15 = -t*n. What is the units digit of v?
0
Let a(l) = -17*l - 96. What is the tens digit of a(-18)?
1
Suppose f = n + 1319 - 76, -4*n + 6206 = 5*f. What is the thousands digit of f?
1
Suppose -1 + 11 = 2*r. Suppose 4*w = -8, -2*j + 3*j + w = -2. Suppose -r*t + 0*a + 70 = 5*a, 2*t - 5*a - 7 = j. What is the units digit of t?
1
Let l be (2 - (3 + 0))*1. Let r be -1 - (l + 0) - -3. Suppose -1 = r*i + 5*d + 7, -4*i - d + 12 = 0. What is the units digit of i?
4
Let q(g) = -g**3 + 29*g**2 - 24*g + 186. What is the hundreds digit of q(22)?
0
Let x be -2*(-5 + 3)/(0 + 4). What is the tens digit of (x - (-1 + 2)) + 39?
3
What is the hundreds digit of 567758/190 - 4*1/20?
9
Suppose 3*y - 4*r - 2088 = 447, 2*r + 847 = y. What is the tens digit of y?
4
Let o(r) = 6*r**2 + 5*r**2 - 17*r - 1 - 12*r**2. Let y be o(-17). What is the units digit of (9/y)/(4/(-4))?
9
Let g be 120/66 + (-2)/(-11). Let l be (-81)/(-18)*g/3. Suppose r - 1 = 0, -z = -4*r + l - 4. What is the units digit of z?
5
Su